igit of y?
2
Let i be (-5)/(30/(-282)) + 0. Suppose 26*x + 38010 = i*x. What is the thousands digit of x?
1
Let w(o) = 325*o**2 + 139*o - 27. What is the units digit of w(7)?
1
Suppose -6*n + 101 + 7 = 0. Suppose i - 2*z = 2*z + 14, 3*i - 4*z = n. What is the units digit of (-192)/(-18)*9/i?
8
Let v be -12 + (4 - 0/5). Let p be 0*((-8)/3)/v. Suppose -3*h + p*h + 34 = -z, 3*h - 3*z - 42 = 0. What is the units digit of h?
0
Suppose 4*h + 90 = n, 9 = h - 4*h. What is the hundreds digit of 544/3*n/26?
5
Let x(f) = f**2 - 15*f + 44. Let l be x(11). Let h(g) = g + 31. What is the units digit of h(l)?
1
Suppose -5*v + 150*p = 153*p - 55529, 4*v = 4*p + 44436. What is the units digit of v?
7
Suppose -2*x = 10, -2*x - 25 = -5*c - 7*x. What is the units digit of (-1951)/(-5) - (22/c - 2)?
0
Let h = -819 - -829. Suppose 0 = -h*z + 888 + 7532. What is the tens digit of z?
4
Suppose -5*j + 35 = 3*p - 0, -5*j + 3*p + 5 = 0. Suppose -1 = -2*w + t, -j*w - t - 13 = -6*t. Suppose -w*l = -2*l - 69. What is the units digit of l?
9
Let n(y) = -y**3 - 14*y**2 - 14*y - 8. Let u be n(-13). Suppose -c = -0*k - u*k + 1528, -k + 302 = -2*c. What is the tens digit of k?
0
Suppose 4*l - 27093 = 54735. What is the tens digit of l?
5
Let c = -3365 + 6238. Let r = -1953 + c. What is the units digit of r?
0
What is the thousands digit of (666 - 3)*((-86)/(-9) - 29/(-261))?
6
Suppose 17*p = -3*a + 11*p + 163140, 0 = 4*a - p - 217556. What is the units digit of a?
8
Suppose -5*x + 6*x = 2. Suppose x*w - 6 = 5*a, 0 = 5*a - 0*a - 3*w + 9. Suppose 138 = 3*p - 2*u, a = -0*p + p + 2*u - 46. What is the tens digit of p?
4
Let y be (-244)/(-6)*3/2. Suppose 0 = 60*b - y*b. Suppose h - 70 - 164 = b. What is the tens digit of h?
3
Suppose 2*f - s - 42713 = 23894, 5*f + s - 166493 = 0. What is the ten thousands digit of f?
3
Let h be (11 + 1)*(3 + 10/(-4)). Suppose -z + h*z = 780. What is the tens digit of 4*1*z/16?
3
Let b(p) = -605*p - 16133. What is the ten thousands digit of b(-108)?
4
Suppose 4*z = 17*z + 1365. Let y = 243 - z. What is the units digit of y?
8
Let q(r) = 38*r**2 + 10*r + 50. Let a(n) = -38*n**2 - 10*n - 50. Let o(d) = 6*a(d) + 7*q(d). What is the hundreds digit of o(-6)?
3
Suppose 0 = -15224*d + 15239*d - 182910. What is the hundreds digit of d?
1
Suppose 0 = -10*p + 9*p - 9. Let x(g) = -g**3 - 9*g**2 - g - 11. Let z be x(p). Let w(v) = -12*v**3 + 5*v + 5. What is the tens digit of w(z)?
9
Let v be -6 + 72/(11 - 2). Let u = -70 + -10. What is the units digit of (-12 + u)/((-2)/v)?
2
Suppose -2436 = -c + 12888. What is the hundreds digit of c?
3
Let f = -228 + 200. What is the hundreds digit of (-2668)/(-6) + f/(-84)?
4
Let y(o) = -6*o + 36. Let v be y(-13). Let r = v - -221. What is the units digit of r?
5
Let q(b) be the second derivative of -b**3/3 + 10*b**2 + 2*b. Let u be q(-18). Suppose -5*t = -124 - u. What is the units digit of t?
6
Let r(t) = 5*t**3 + 300*t**2 - 122*t - 265. What is the hundreds digit of r(-60)?
0
Let d(o) = -o**3 - 2*o**2 + 5. Let j be d(0). Let k(w) = 225*w - 24. What is the tens digit of k(j)?
0
Let c be ((-114)/4)/(15/(-10)). Let a = c + -16. Suppose -2*p - 202 = -l, 5*l + 2*p = a*p + 1037. What is the tens digit of l?
0
Let y(p) = p**3 + 10*p**2 - 16*p - 37. Let r(c) = -6*c + 43. Let k be r(9). Let i be y(k). What is the units digit of (6/4)/(0 + i/420)?
5
Suppose 5739 = -57*j + 58*j + 3*h, 3*j = h + 17197. What is the thousands digit of j?
5
Let s be 0*(3 - (-2 + (-44)/(-8))). Suppose -l = -r - 0 + 7, s = 4*l + 3*r + 21. Let j = 19 - l. What is the units digit of j?
5
Let n(u) = 112*u - 3. Let f be n(-1). Let x = f - -119. Suppose 2*m = -3*d + 1 + 1, -2*m = x*d - 4. What is the units digit of d?
2
Suppose 5*n - 3*q + 28 = 0, -4*n + 3*n - 4 = q. Let z = 3 - -5. What is the tens digit of 2145/z - n/(-40)?
6
Suppose 0 = -2*z + v + 2*v + 39, 5*z = 5*v + 85. What is the tens digit of (-32)/z*756/(-4)?
0
Suppose 67693 = 11*v - 226315. What is the hundreds digit of v?
7
Let a be (-3)/5 - 1480/(-50). Suppose a = -4*q + 45. Suppose 0 = -3*s - 5*b + 242, -q*s + 318 = 5*b - 3*b. What is the units digit of s?
9
Let r(q) = -2*q**3 - 11*q**2 + 6*q. Let f(x) = x - 1. Let z be f(-5). Let y be r(z). What is the tens digit of -1 + (25 - y) + -2?
2
Let r be (-69)/((-2)/2)*(18 - 8). Suppose -2*g - 460 = 3*c, 3*c = 3*g - 2*c + r. Let h = -125 - g. What is the units digit of h?
5
Suppose 1352 = 4*r + 4*b, -4*b = 2*r - 871 + 191. Suppose x + 20 + 58 = n, r = -4*x - 4*n. Let k = -16 - x. What is the units digit of k?
5
Suppose 243*a - 99*a - 4405968 = 0. What is the thousands digit of a?
0
Suppose -p - 4*t = -5*p - 216, 3*p - 4*t = -158. Let c = p + 60. Suppose 0 = -v + 5*s + 103, 2*v - 412 = -c*v - 3*s. What is the units digit of v?
3
Let a(y) = 27*y**2 - 12*y + 48. Let v be a(-12). Suppose -w = 4*w - v. What is the hundreds digit of w?
8
Suppose 269*b - 265*b = 2096. Let i = b - 290. What is the units digit of i?
4
Let w(q) = 1064*q**2 - 49*q + 96. What is the hundreds digit of w(2)?
2
Let x(f) = 42 + 22 + 23 + 39*f - f**2 - 96. Let k be (-33 + 3)*1/(-1). What is the units digit of x(k)?
1
Suppose -4*r - 74 + 94 = 0. Suppose -4*o = -2*q - 408, o = r*q - 3*q + 108. What is the tens digit of o?
0
Let s = 447 + -470. Let o = s + 112. What is the tens digit of o?
8
Let q(g) = -9*g**3 - 249*g**2 + 46*g - 80. What is the units digit of q(-31)?
4
Suppose 4 - 1 = a. Let h(l) = -l**3 + 3*l**2 + 3*l - 7. Let o be h(a). What is the units digit of 4/(-8)*-16*o?
6
Let d(f) = f**3 - 16*f**2 + 11*f - 23. Suppose 3*p - 5*p + 32 = 0. Let g be d(p). What is the units digit of g/5*20/6?
2
Let k = 87 - 50. Suppose -3*b + 2*t = -7, -2*t = 5*b + t - k. Suppose 0 = -0*a + b*a - 270. What is the tens digit of a?
5
Let f(c) = -11721*c - 3734. What is the ten thousands digit of f(-4)?
4
Let p(t) = t**2 - 22*t + 23. Let w = 122 + -101. Let u be p(w). Suppose -g = u - 147. What is the tens digit of g?
4
Suppose 37*s + 552 = 45*s. Suppose 73*t - 808 = s*t. What is the tens digit of t?
0
Suppose 50*z + 20283 = o + 53*z, -3*o = 4*z - 60819. What is the thousands digit of o?
0
Suppose -2*g - 2*d - 118 = 0, -2*g + 3*g = -5*d - 63. Let w = g + 57. Let k = w - -56. What is the tens digit of k?
5
Let f be ((-1)/2)/(19/(-38)) + 40. Suppose f*i = 37*i + 1796. What is the tens digit of i?
4
Suppose -4*q - 41*v = -40*v - 4, 3*q + 4*v + 10 = 0. Let k = -432 - -834. Suppose q*z = k - 18. What is the tens digit of z?
9
Let v = -104 - -8018. What is the thousands digit of v?
7
Let i = -7709 + 14791. What is the hundreds digit of i?
0
Let d(y) be the third derivative of 7*y**4/4 - 31*y**3/2 - 19*y**2. What is the units digit of d(16)?
9
Let i(p) = 50*p - 39. Let f be i(8). Suppose -473 - f = -3*c. What is the tens digit of c?
7
Let c = -25570 + 49260. What is the tens digit of c?
9
Let p(r) be the third derivative of r**6/15 + r**5/10 - 5*r**4/24 + 31*r**3/3 - 3*r**2 + 5*r. What is the units digit of p(5)?
7
Let x(h) = 1225*h**2 + 39*h - 116. What is the ten thousands digit of x(3)?
1
Let w(o) = o**3 - 5*o**2 - o - 24. Let z be (4/7)/(18/252). Let v be w(z). Let s = v + -10. What is the hundreds digit of s?
1
Let n = 5968 - 5874. What is the units digit of n?
4
Let h = 19 - 19. Suppose -y + 2*y - 16 = h. Let u = y + 3. What is the tens digit of u?
1
Let d be (-1 - 6) + 21644/14. What is the hundreds digit of 4/(-5) - d/(-5)?
3
Suppose -t - 12*g - 546 = -17*g, 0 = -5*g - 15. Let r = 925 + t. What is the tens digit of r?
6
Let v be (6/7)/((-4)/(-14)). Suppose 6*j + 795 = v*j. What is the units digit of 2*j/30*-3?
3
Let d(y) = -45*y**2 + 18*y + 11. Let b be d(-5). Let t = -454 - b. What is the hundreds digit of t?
7
Let d = -168 + 656. Let a = 28 + d. What is the units digit of a?
6
Suppose -4*h + 10978081 = 156*h - 21*h. What is the units digit of h?
9
Suppose 6823*t = 6820*t + 57522. What is the tens digit of t?
7
Let k(w) = 2*w - 6. Let c(m) = m - 3. Let z(x) = 7*c(x) - 4*k(x). Let q be z(0). Suppose -q*v - 184 = -7*v. What is the units digit of v?
6
Suppose 2*f - 2*a = 3*f - 13, 4*f + 5*a = 40. Suppose 3*o = -f*o + 16. Suppose 501 = o*d + 5*n, -n = d - 2*n - 247. What is the hundreds digit of d?
2
Let i(m) = -27*m**3 + 3*m**2 - 86*m - 414. What is the thousands digit of i(-5)?
3
Let a(w) = -501*w*